Suppose 0 = 8*i - 282182 - 214034. Is i a composite number?
True
Let l(t) = 56*t. Let s be l(-1). Let h = s - -46. Is (6/24 - h/(-8)) + 306 a prime number?
False
Let u be (-1 + 2)*(-15)/(-1). Suppose -u*q - 4 = -16*q. Suppose 0 = -q*n - 9*n + 4381. Is n a composite number?
False
Suppose 0 = -20*h + 22*h - 8782. Let b(c) = 3*c**3 + 7*c**2 + 11*c - 10. Let j be b(-8). Let i = j + h. Is i composite?
True
Suppose -o + 2*n + 3*n = 47, 3*o + 3*n = -69. Is (1 + (-44746)/6)/(18/o) prime?
False
Suppose 130172 + 437298 = 10*x. Is x a composite number?
False
Let t(a) = -26*a - 5. Let v(z) = 53*z + 9. Let l(d) = 4*d + 30. Let h be l(-8). Let f(y) = h*v(y) - 5*t(y). Is f(2) a composite number?
True
Is (1241526/(-130) - 10)/(2/(-10)) a prime number?
False
Let s(m) = 712*m - 5. Let p be s(6). Suppose -3*r + p = f, 0 = r + 2*r - f - 4265. Suppose -12*y + 18*y - r = 0. Is y composite?
True
Suppose 4*w - 15 = -5*q, 0 = -3*w - w. Suppose -6*g - 1222 = -4*g + q*u, -3*u = 4*g + 2450. Let o = -277 - g. Is o a prime number?
True
Suppose -285426 = -2*q - 5*v, 495*q = 491*q - 5*v + 570872. Is q composite?
True
Let y(t) = -802*t + 89. Let x be y(-7). Suppose 0 = -24*l + 21*l + x. Is l composite?
False
Suppose -3*k + 13252 = -k. Suppose 25700 + k = 2*d. Is d prime?
False
Suppose -90*y + 78*y + 563916 = 0. Is y prime?
True
Suppose 0 = -2*d + 3*g + 83083 - 8433, -5*g + 112051 = 3*d. Is d prime?
True
Let t be 104/130 + 30412/10. Suppose -12*k = -17250 - t. Is k prime?
False
Let l(j) = j**2 - 7*j + 2. Let h be l(11). Is h/(5 + 1403/(-281)) composite?
True
Suppose -16 = -17*z + 35. Is 1/((-5)/(-234915)*z) a prime number?
True
Is 18/(180/130) + 45238 a composite number?
True
Suppose -6 + 34 = 7*l. Suppose -4*u = l, 2*n - 7*n = 3*u - 9002. Is n composite?
False
Let j = -21993 + 31892. Is j prime?
False
Suppose 0*k + 4*q + 186790 = 5*k, -q + 149432 = 4*k. Let r = -21431 + k. Is r composite?
True
Let g be ((-35526)/(-8))/(36/1008). Suppose g - 8852 = 11*u. Is u composite?
False
Let b be 24966 - 8*(-4 - -5). Let s = b + -16319. Is s prime?
False
Let a be (-12)/((-6572)/1640 + 4). Let l = 1793 + a. Is l prime?
True
Let t(j) = 332*j - 39 - 267*j - 241*j - 129*j. Is t(-2) a composite number?
False
Let i(o) = -10*o**3 + 13*o**2 - 4*o + 1. Let k be i(1). Let q(a) = -5*a + 85 - a**3 + 4*a + 106. Is q(k) prime?
True
Let t(f) = 4*f - 19. Let l be t(4). Let p be (l*1)/((-30)/4 + 6). Suppose p*a + 473 = 3*a. Is a a prime number?
False
Is (-16 - 353175/(-30))/((-2)/(-4)) prime?
False
Let z(t) = -3*t**3 - 16*t**2 - 20*t - 568. Is z(-39) composite?
True
Let q(a) = 30*a**3 + 21*a**2 - 149*a - 15. Is q(8) a prime number?
True
Let x be (14 + 111)/(2/(-10)). Is (-5 - -7)*2 - x composite?
True
Is 12/(1320/4939370) - 5/(-55)*-4 prime?
False
Let f be (-2)/(2*1/(-6)). Suppose f*d - 1391 = 1567. Suppose 6*z - d = 455. Is z a composite number?
True
Let d(t) = 589*t**3 - 2*t**2 - 70*t + 522. Is d(7) a composite number?
False
Let g(c) = -c**3 + 4*c**2 + 6*c - 3. Let d be g(5). Suppose f + 314 = d*k, -k = -3*f - 159 - 8. Let v = k - -584. Is v a composite number?
False
Suppose 14*v - 17*v = -45. Suppose 0 = 3*t + v*x - 10*x - 5693, -x = 5*t - 9503. Is t prime?
True
Let k be 0/1*(-6 - -7). Let u be (3 - -13)*(1 - k). Suppose -u*m + 50 = -11*m. Is m a prime number?
False
Let s(b) = 992*b**2 - 3*b + 57*b**2 + 179*b**2 + 1 - 3. Is s(-1) composite?
False
Let b(q) be the first derivative of 68*q**3/3 - 49*q**2/2 - 4*q - 176. Is b(-7) prime?
True
Let w(y) = -y**3 + y**2 - 6*y - 6. Let h be w(-4). Let k = -16 + h. Is k a prime number?
False
Let i = 576 + -574. Suppose -i*r + 7268 = -7270. Is r composite?
True
Is 24952050/1342 - (-1)/((-22)/4) prime?
True
Suppose -27*d - 3*d = -1012581 + 144921. Is d composite?
True
Let d = 1354 - -151. Suppose 0 = 2*z - 5 - 9. Suppose -2*i = -z*i + d. Is i a prime number?
False
Suppose -m - 3*w = -6*w - 129, -5*w = 2*m - 214. Suppose 310 = -2*h + 4*q, -701 = 4*h + 4*q - m. Is h*(-1 + -2) - 2/(-1) prime?
True
Suppose 0 = 4*n - 71 - 61. Suppose -3*d = n - 42. Suppose 3*o = -3*m + 177, 3*m - d*o - o - 149 = 0. Is m a composite number?
True
Let b(s) = 59*s**2 - 5*s - 15. Let v be b(14). Suppose 3*w + f = 8608, 4*w + 3*f - v = -0*f. Is w a prime number?
False
Suppose 0 = 3*p + 6*p - 199548. Suppose 0 = 8*f - 12*f + p. Let o = f - 3850. Is o prime?
True
Suppose q - 2*q + 15 = 4*u, u + 3 = 2*q. Let k(t) = 699*t + 6. Is k(q) composite?
True
Suppose f + 1728 = -8*f. Let x = -7 - f. Suppose -x = 4*l - 2269. Is l a prime number?
True
Let v = -75 + 77. Let o be 15/10 + 19825/v. Suppose 0 = 4*y - 0*f - f - o, -4*y + 2*f = -9912. Is y a prime number?
False
Suppose -4*p + 170034 = -2*t, 5*t = -3*p - 13693 + 141251. Is p prime?
False
Suppose 5*q = 2*w - 3*w + 12531, w = 4*q - 10032. Suppose 5*k = -20*h + 21*h + q, 2*k - 4*h - 992 = 0. Is k prime?
False
Let y be 20/6*5*(-6)/(-10). Suppose 0 = l + 4*l - y. Is 2*(21640/16 + 2/l) a composite number?
False
Suppose -k + 38817 = 4*d, 7540 - 85139 = -2*k - 3*d. Is k prime?
False
Suppose -3*d - 2*d + 3*z = 0, -4*z = -d - 17. Let x be (d - 2)*(-4 + -3687 - -4). Let s = x - -5242. Is s a composite number?
True
Let p(n) = -2*n**3 - 9*n**2 - 17*n - 5. Let i be p(-3). Suppose -i*d + 24964 = -11725. Is d composite?
False
Let z(w) = -13588*w + 747. Is z(-10) a composite number?
True
Let d(v) = -53016*v**3 + 4*v**2 + 7*v - 9. Is d(-2) composite?
False
Suppose i + 20 - 152 = 0. Let b be 0 + 5*3 - -2. Let n = b + i. Is n a prime number?
True
Let p = -483567 - -725932. Is p composite?
True
Let s(g) = 8*g**3 - 6*g**2 + g + 17. Let v(i) = -8*i**3 + 5*i**2 - 2*i - 18. Let t(f) = 6*s(f) + 5*v(f). Is t(5) prime?
False
Let u be 36/(-12)*(1 + 2). Let k be ((-68)/(-2))/(u/(-36)). Suppose -j - 152 = -4*m + k, -5*j = -4*m + 304. Is m a prime number?
True
Suppose -w = 4*l - 7*l + 8, 3*w = 3*l. Suppose 18092 = 3*r - 5*m, 3*m = -w*r + 6*m + 24119. Is r a prime number?
True
Suppose 2*z + l = 5*z - 14, -2*z + 2*l = -8. Suppose -4*h - h = -2*x + 53, -29 = -x + z*h. Is (8/x)/(2822/1410 + -2) a prime number?
False
Suppose -t + 1872*g = 1876*g - 340523, -16 = -4*g. Is t prime?
False
Suppose 5*l - 9248 = -2*u, 0 = -2*u + 7*l - 8*l + 9224. Is u a composite number?
True
Suppose 15 = 8*o - 9. Suppose -o*u + 4*u - 3 = 0. Suppose -y - u*y = -i + 227, 0 = 2*i - 2*y - 448. Is i prime?
True
Let z be (-67308)/18 + ((-7)/(-3) - 2). Let r = -2106 - z. Is r a composite number?
True
Suppose -3*b = 4*k - 11044, 4*b + 5*k - 9132 - 5592 = 0. Suppose -4*l + 5*l - b = -2*c, -4*c + 7352 = 3*l. Is c composite?
True
Suppose -3*u + 2383866 = -3*f, 38*u - 37*u - 794636 = 3*f. Is u a composite number?
True
Let w be (-3 - 4/(-8))/(4/(-8)). Suppose 3*o = -2*i + w*i - 36585, -5*i = -2*o - 60981. Is i prime?
True
Let t = -12 + -42. Let y = -151 + t. Is y/(-1) + 0/7 composite?
True
Let u be (-5)/(10/10734) + -1. Let c = u - -9479. Is c a prime number?
True
Suppose 0 = -o - 4*h + 3, -3*h = o + 2*h - 3. Is 6/4*(o - 12217/(-3)) composite?
False
Suppose 21*g = 4*u + 18*g - 237080, 0 = -2*u - 4*g + 118562. Is u a composite number?
False
Suppose -w - 66*v + 70*v + 141 = 0, 35 = -5*v. Suppose 2*k + 3*m - 433 = 0, -k - 217 = -2*k - m. Let h = w + k. Is h composite?
False
Suppose -50*n + 82672 + 15178 = -49100. Is n a composite number?
False
Suppose 3 = -y + 2*j - 2, 4*y + 8 = 5*j. Is (-3)/y - -7870 - 2 prime?
True
Is 1282015/10*(24/(-28))/(-3) prime?
True
Let p(d) = 3*d**2 + 431*d**3 - 438*d**3 - 5 + 10. Suppose -2*f + 14 = -4*u - 8, f = 5*u + 26. Is p(u) composite?
True
Let o = -344 - -395. Is ((-8013)/4)/(o/(-476)) prime?
False
Suppose -5*m - 11*m = -432688. Is m composite?
False
Let s = -39 + 291. Suppose -s = -26*p + 23*p. Is 96698/p - 1/6 a composite number?
False
Let p be ((-30)/(-8))/(2/8). Let l(k) = 20*k - 40. Let v be l(2). Suppose 14*x - p*x + 83 = v. Is x a prime number?
True
Let q = 2006 + -1990. Suppose 4460 = -m + 6*m. Suppose q*g - 12*g - m = 0. Is g a composite number?
False
Let d(a) = a**3 + 16*a**2 - 16*a + 2. Let c be (2 + 7)*3/(-3)*1. Is d(c) composite?
True
Suppose 5215 = 4*f - 25325. Suppose 0 = -g - 2*g + f. Is g a prime number?
False
Let g = -301 - -306. Suppose g*n - n = 2452. Is n a composite number?
False
Let t(a) be the third derivative of -a**5/60 - a**4/4 - 14*a**3/3 + 32*a**2. Let r b